{"id":1910,"date":"2021-05-27T14:12:12","date_gmt":"2021-05-27T12:12:12","guid":{"rendered":"https:\/\/cairn-prehistoire.com\/?post_type=product&#038;p=1910"},"modified":"2026-03-20T11:57:18","modified_gmt":"2026-03-20T10:57:18","slug":"kit-diy-parure-coquillage","status":"publish","type":"product","link":"https:\/\/cairn-prehistoire.com\/index.php\/produit\/kit-diy-parure-coquillage\/","title":{"rendered":"Kit DIY Parure Coquillage"},"content":{"rendered":"<p>Le KIT contient :<\/p>\n<ul>\n<li>Un per\u00e7oir en silex<\/li>\n<li>Un Pecten Nobilis<\/li>\n<li>Un cordon de cuir<\/li>\n<li>2 perles en bois<\/li>\n<li>Une notice et des mod\u00e8les<\/li>\n<\/ul>\n","protected":false},"excerpt":{"rendered":"<p>Ce kit DIY Parure vous permettra de r\u00e9aliser vous-m\u00eame votre bijou pr\u00e9historique.<\/p>\n","protected":false},"featured_media":1911,"template":"","meta":{"_mi_skip_tracking":false,"_monsterinsights_sitenote_active":false,"_monsterinsights_sitenote_note":"","_monsterinsights_sitenote_category":0},"product_cat":[24],"product_tag":[33],"_links":{"self":[{"href":"https:\/\/cairn-prehistoire.com\/index.php\/wp-json\/wp\/v2\/product\/1910"}],"collection":[{"href":"https:\/\/cairn-prehistoire.com\/index.php\/wp-json\/wp\/v2\/product"}],"about":[{"href":"https:\/\/cairn-prehistoire.com\/index.php\/wp-json\/wp\/v2\/types\/product"}],"version-history":[{"count":1,"href":"https:\/\/cairn-prehistoire.com\/index.php\/wp-json\/wp\/v2\/product\/1910\/revisions"}],"predecessor-version":[{"id":2807,"href":"https:\/\/cairn-prehistoire.com\/index.php\/wp-json\/wp\/v2\/product\/1910\/revisions\/2807"}],"wp:featuredmedia":[{"embeddable":true,"href":"https:\/\/cairn-prehistoire.com\/index.php\/wp-json\/wp\/v2\/media\/1911"}],"wp:attachment":[{"href":"https:\/\/cairn-prehistoire.com\/index.php\/wp-json\/wp\/v2\/media?parent=1910"}],"wp:term":[{"taxonomy":"product_cat","embeddable":true,"href":"https:\/\/cairn-prehistoire.com\/index.php\/wp-json\/wp\/v2\/product_cat?post=1910"},{"taxonomy":"product_tag","embeddable":true,"href":"https:\/\/cairn-prehistoire.com\/index.php\/wp-json\/wp\/v2\/product_tag?post=1910"}],"curies":[{"name":"wp","href":"https:\/\/api.w.org\/{rel}","templated":true}]}}