{"id":2203,"date":"2021-10-06T15:15:32","date_gmt":"2021-10-06T13:15:32","guid":{"rendered":"https:\/\/cairn-prehistoire.com\/?post_type=product&#038;p=2203"},"modified":"2025-09-01T14:31:16","modified_gmt":"2025-09-01T12:31:16","slug":"repose-sachet-de-the-rond","status":"publish","type":"product","link":"https:\/\/cairn-prehistoire.com\/index.php\/produit\/repose-sachet-de-the-rond\/","title":{"rendered":"Repose-sachet de th\u00e9 Rectangulaire"},"content":{"rendered":"<p>Repose-sachet de th\u00e9 Rectangulaire pr\u00e9sentant un d\u00e9cor inspir\u00e9 d&#8217;une feuille de laurier fossile (Aix en Provence) datant de l&#8217;Oligoc\u00e8ne\u00a0(- 34 \u00e0 &#8211; 23 millions d&#8217;ann\u00e9es)<\/p>\n<p>Long. : 10,5 cm environ<\/p>\n<p>Larg. : 4 cm environ<\/p>\n","protected":false},"excerpt":{"rendered":"<p>Repose-sachet de th\u00e9 Rectangulaire pr\u00e9sentant un d\u00e9cor inspir\u00e9 d&#8217;une feuille de laurier fossile (Aix en Provence) datant de l&#8217;Oligoc\u00e8ne\u00a0(- 34&hellip;<\/p>\n","protected":false},"featured_media":2204,"template":"","meta":{"_mi_skip_tracking":false,"_monsterinsights_sitenote_active":false,"_monsterinsights_sitenote_note":"","_monsterinsights_sitenote_category":0},"product_cat":[25],"product_tag":[33],"_links":{"self":[{"href":"https:\/\/cairn-prehistoire.com\/index.php\/wp-json\/wp\/v2\/product\/2203"}],"collection":[{"href":"https:\/\/cairn-prehistoire.com\/index.php\/wp-json\/wp\/v2\/product"}],"about":[{"href":"https:\/\/cairn-prehistoire.com\/index.php\/wp-json\/wp\/v2\/types\/product"}],"version-history":[{"count":1,"href":"https:\/\/cairn-prehistoire.com\/index.php\/wp-json\/wp\/v2\/product\/2203\/revisions"}],"predecessor-version":[{"id":3342,"href":"https:\/\/cairn-prehistoire.com\/index.php\/wp-json\/wp\/v2\/product\/2203\/revisions\/3342"}],"wp:featuredmedia":[{"embeddable":true,"href":"https:\/\/cairn-prehistoire.com\/index.php\/wp-json\/wp\/v2\/media\/2204"}],"wp:attachment":[{"href":"https:\/\/cairn-prehistoire.com\/index.php\/wp-json\/wp\/v2\/media?parent=2203"}],"wp:term":[{"taxonomy":"product_cat","embeddable":true,"href":"https:\/\/cairn-prehistoire.com\/index.php\/wp-json\/wp\/v2\/product_cat?post=2203"},{"taxonomy":"product_tag","embeddable":true,"href":"https:\/\/cairn-prehistoire.com\/index.php\/wp-json\/wp\/v2\/product_tag?post=2203"}],"curies":[{"name":"wp","href":"https:\/\/api.w.org\/{rel}","templated":true}]}}