{"id":2281,"date":"2021-10-29T15:33:56","date_gmt":"2021-10-29T13:33:56","guid":{"rendered":"https:\/\/cairn-prehistoire.com\/?post_type=product&#038;p=2281"},"modified":"2025-09-01T14:30:33","modified_gmt":"2025-09-01T12:30:33","slug":"coffret-jardinier-en-herbe","status":"publish","type":"product","link":"https:\/\/cairn-prehistoire.com\/index.php\/produit\/coffret-jardinier-en-herbe\/","title":{"rendered":"Coffret Jardinier en Herbe"},"content":{"rendered":"<p>Le coffret contient :<\/p>\n<p>De la terre (\u00e0 r\u00e9hydrater)<\/p>\n<p>1 livret d&#8217;activit\u00e9s<\/p>\n<p>1 labyrinthe \u00e0 personnaliser<\/p>\n<p>4 sachets de graines<\/p>\n<p>1 gobelet en carton<\/p>\n","protected":false},"excerpt":{"rendered":"<div id=\"short_description_content\" class=\"rte align_justify\">\n<p>Avec ce coffret, les enfants pourront s&#8217;initier, en s&#8217;amusant, aux joies du jardinage.<\/p>\n<p>Il y a de quoi r\u00e9colter des haricots, de la cressonnette, de la capucine et des radis, en plus un labyrinthe pour d\u00e9couvrir la germination avec une exp\u00e9rience rigolote.<\/p>\n<\/div>\n","protected":false},"featured_media":2282,"template":"","meta":{"_mi_skip_tracking":false,"_monsterinsights_sitenote_active":false,"_monsterinsights_sitenote_note":"","_monsterinsights_sitenote_category":0},"product_cat":[27],"product_tag":[33],"_links":{"self":[{"href":"https:\/\/cairn-prehistoire.com\/index.php\/wp-json\/wp\/v2\/product\/2281"}],"collection":[{"href":"https:\/\/cairn-prehistoire.com\/index.php\/wp-json\/wp\/v2\/product"}],"about":[{"href":"https:\/\/cairn-prehistoire.com\/index.php\/wp-json\/wp\/v2\/types\/product"}],"version-history":[{"count":1,"href":"https:\/\/cairn-prehistoire.com\/index.php\/wp-json\/wp\/v2\/product\/2281\/revisions"}],"predecessor-version":[{"id":2584,"href":"https:\/\/cairn-prehistoire.com\/index.php\/wp-json\/wp\/v2\/product\/2281\/revisions\/2584"}],"wp:featuredmedia":[{"embeddable":true,"href":"https:\/\/cairn-prehistoire.com\/index.php\/wp-json\/wp\/v2\/media\/2282"}],"wp:attachment":[{"href":"https:\/\/cairn-prehistoire.com\/index.php\/wp-json\/wp\/v2\/media?parent=2281"}],"wp:term":[{"taxonomy":"product_cat","embeddable":true,"href":"https:\/\/cairn-prehistoire.com\/index.php\/wp-json\/wp\/v2\/product_cat?post=2281"},{"taxonomy":"product_tag","embeddable":true,"href":"https:\/\/cairn-prehistoire.com\/index.php\/wp-json\/wp\/v2\/product_tag?post=2281"}],"curies":[{"name":"wp","href":"https:\/\/api.w.org\/{rel}","templated":true}]}}